245 a multiple of 7?
False
Is 6 a factor of 17016?
True
Is 106437 a multiple of 23?
False
Does 11 divide 54901?
True
Is 135726 a multiple of 73?
False
Is 673740 a multiple of 123?
False
Is 487818 a multiple of 28?
False
Is 349180 a multiple of 68?
True
Does 75 divide 566700?
True
Is 532 a factor of 5379052?
True
Is 95363 a multiple of 47?
True
Does 17 divide 114270?
False
Does 6 divide 3797322?
True
Does 30 divide 2460?
True
Is 28569 a multiple of 3?
True
Is 3316738 a multiple of 226?
False
Does 3 divide 133830?
True
Is 6 a factor of 52627?
False
Does 261 divide 210105?
True
Is 318 a factor of 1130314?
False
Is 7667 a multiple of 187?
True
Does 174 divide 325206?
True
Does 81 divide 196412?
False
Does 4 divide 14819?
False
Is 392448 a multiple of 336?
True
Is 132 a factor of 295680?
True
Is 443945 a multiple of 11?
False
Does 481 divide 942870?
False
Does 13 divide 8666801?
True
Is 207626 a multiple of 85?
False
Is 110 a factor of 1830400?
True
Does 13 divide 3857550?
False
Does 30 divide 1281421?
False
Is 3 a factor of 436303?
False
Is 10 a factor of 175060?
True
Is 180877 a multiple of 103?
False
Is 591 a factor of 212169?
True
Is 37 a factor of 1593479?
True
Does 31 divide 80538?
True
Does 38 divide 3132872?
True
Is 286366 a multiple of 7?
False
Is 8 a factor of 5649550?
False
Is 1276068 a multiple of 39?
False
Is 1559805 a multiple of 285?
True
Does 258 divide 57029?
False
Is 8 a factor of 161808?
True
Is 83 a factor of 6878?
False
Does 2219 divide 5811561?
True
Does 23 divide 427083?
False
Is 4 a factor of 697572?
True
Is 1597695 a multiple of 33?
True
Is 261562 a multiple of 49?
True
Does 746 divide 4733291?
False
Is 392495 a multiple of 277?
False
Is 1382 a factor of 5623358?
True
Is 667 a factor of 4238118?
True
Does 543 divide 3691850?
False
Is 77560 a multiple of 8?
True
Is 2596104 a multiple of 1414?
True
Is 8313656 a multiple of 26?
True
Does 4 divide 1400423?
False
Is 12 a factor of 375011?
False
Does 33 divide 2283696?
False
Does 68 divide 1329264?
True
Does 50 divide 1250?
True
Is 1701460 a multiple of 4?
True
Is 2 a factor of 334537?
False
Does 25 divide 13590?
False
Does 47 divide 176908?
True
Is 1412180 a multiple of 85?
False
Is 5 a factor of 6555?
True
Is 3133200 a multiple of 42?
True
Is 19 a factor of 85329?
True
Is 177559 a multiple of 6?
False
Does 79 divide 126637?
True
Does 8 divide 652061?
False
Does 144 divide 3316896?
True
Does 46 divide 252987?
False
Is 38072 a multiple of 4?
True
Is 304 a factor of 11164096?
True
Is 58 a factor of 5742?
True
Is 2959735 a multiple of 77?
False
Does 2 divide 203698?
True
Is 159 a factor of 8233179?
True
Is 17 a factor of 251082?
False
Does 71 divide 835315?
True
Does 23 divide 13019863?
True
Does 176 divide 680592?
True
Is 44 a factor of 6718756?
True
Is 18136 a multiple of 101?
False
Does 129 divide 47085?
True
Does 15 divide 70830?
True
Is 115 a factor of 1830745?
False
Is 291765 a multiple of 1101?
True
Is 1684081 a multiple of 219?
False
Does 7 divide 431705?
False
Is 104709 a multiple of 9?
False
Does 320 divide 67520?
True
Is 211 a factor of 150232?
True
Does 486 divide 417239?
False
Is 21 a factor of 3034815?
True
Does 48 divide 1585392?
True
Is 27 a factor of 7885523?
False
Is 78 a factor of 17517?
False
Does 132 divide 26483?
False
Is 51 a factor of 81358?
False
Is 4 a factor of 131504?
True
Is 3180200 a multiple of 20?
True
Is 696236 a multiple of 12?
False
Is 211 a factor of 128750?
False
Does 12 divide 1875977?
False
Is 68108 a multiple of 112?
False
Is 258123 a multiple of 46?
False
Does 81 divide 709048?
False
Does 33 divide 409035?
True
Is 4 a factor of 19438?
False
Is 37 a factor of 1893760?
False
Is 704643 a multiple of 7?
False
Is 23 a factor of 745890?
True
Is 64289 a multiple of 39?
False
Does 58 divide 714038?
True
Is 3 a factor of 25112?
False
Is 30 a factor of 16761291?
False
Does 22 divide 315766?
True
Does 383 divide 23435?
False
Is 25 a factor of 61609?
False
Is 126 a factor of 585144?
True
Is 15663276 a multiple of 18?
True
Is 86360 a multiple of 20?
True
Does 1191 divide 7231466?
False
Does 26 divide 5824?
True
Does 66 divide 87241?
False
Does 11 divide 2172434?
True
Is 1627 a factor of 822418?
False
Is 74 a factor of 338307?
False
Does 16 divide 640496?
True
Does 9 divide 1935617?
False
Is 610121 a multiple of 41?
True
Is 352 a factor of 847328?
False
Does 324 divide 80352?
True
Is 7 a factor of 171598?
True
Is 5 a factor of 487102?
False
Is 35 a factor of 472745?
True
Does 838 divide 1915668?
True
Does 47 divide 195285?
True
Is 3672221 a multiple of 133?
False
Does 132 divide 18460?
False
Is 2503872 a multiple of 1008?
True
Is 137628 a multiple of 18?
True
Does 23 divide 1155474?
True
Is 25 a factor of 59600?
True
Is 452785 a multiple of 64?
False
Is 4158509 a multiple of 42?
False
Is 2160359 a multiple of 102?
False
Is 2 a factor of 89502?
True
Does 90 divide 5619278?
False
Is 12141930 a multiple of 69?
True
Does 544 divide 1497897?
False
Is 76 a factor of 1683501?
False
Is 7 a factor of 790300?
True
Is 634313 a multiple of 13?
False
Is 9 a factor of 140985?
True
Is 11 a factor of 248688?
True
Is 10 a factor of 173440?
True
Is 81501 a multiple of 80?
False
Does 20 divide 13960884?
False
Is 11 a factor of 5804?
False
Does 107 divide 84851?
True
Does 20 divide 177580?
True
Does 26 divide 69602?
True
Is 1498040 a multiple of 68?
True
Is 977076 a multiple of 166?
True
Is 6427355 a multiple of 137?
True
Is 49715 a multiple of 7?
False
Is 436926 a multiple of 206?
True
Does 373 divide 4551346?
True
Does 619 divide 272837?
False
Is 11 a factor of 3227475?
False
Is 7 a factor of 41387?
False
Is 30364 a multiple of 77?
False
Is 200813 a multiple of 23?
True
Does 81 divide 47526?
False
Is 13 a factor of 106682?
False
Does 7 divide 64785?
True
Is 821600 a multiple of 52?
True
Does 19 divide 3256011?
True
Is 188 a factor of 12005295?
False
Does 248 divide 3733888?
True
Is 17 a factor of 64260?
True
Is 872976 a multiple of 13?
True
Is 991 a factor of 1208029?
True
Does 10 divide 556672?
False
Is 38504 even?
True
Is 19100040 a multiple of 41?
False
Does 10 divide 227829?
False
Is 156 a factor of 211536?
True
Is 35 a factor of 761880?
True
Does 16 divide 2277270?
False
Does 199 divide 702377?
False
Is 29532 a multiple of 321?
True
Is 150060 a multiple of 20?
True
Does 14 divide 324604?
True
Is 18 a factor of 379158?
False
Is 733 a factor of 1088380?
False
Is 19726 a multiple of 39?
False
Is 2 a factor of 942?
True
Does 205 divide 149363?
False
Is 2960972 a multiple of 17?
False
Is 100408 a multiple of 28?
True
Does 30 divide 21660?
True
Is 4572544 a multiple of 128?
True
Is 11859 a multiple of 177?
True
Is 106105 a multiple of 11?
False
Does 19 divide 536332?
True
Is 586 a factor of 1335120?
False
Is 120907 a multiple of 36?
False
Does 54 divide 2688131?
False
Is 1049514 a multiple of 48?
False
Is 941016 a multiple of 3?
True
Is 110 a factor of 22284428?
False
Does 36 divide 244011?
False
Is 23 a factor of 93748?
True
Is 31 a factor of 260396?
False
Does 28 divide 182?
False
Is 767814 a multiple of 11?
False
Is 91 a factor of 96055?
False
Does 8 divide 967384?
True
Does 364 divide 1876938?
False
Is 98 a factor of 1072567?
False
Is 31147 a multiple of 42?
False
Is 397 a factor of 4886673?
True
Is 14 a factor of 15383173?
False
Is 35 a factor of 355612?
False
Is 43179 a multiple of 12?
False
Is 1661892 a multiple of 591?
True
Is 15489800 a multiple of 200?
True
Is 22260132 a multiple of 12?
True
Is 58 a factor of 7656?
True
Is 149 a factor of 9293797?
False
Is 51 a factor of 40135?
False
Is 398 a factor of 325962?
True
Is 3 a factor of 2625208?
False
Is 266597 a multiple of 29?
True
Does 10 divide 190109?
False
Is 11620193 a multiple of 182?
False
Does 312 divide 219518?
False
Is 959 a multiple of 7?
True
Does 2 divide 32513?
False
Is 105099 a multiple of 661?
True
Is 955043 a multiple of 34?
False
Is 26 a factor of 1956968?
True
Does 169 divide 1781567?
False
Is 206 a factor of 2273355?
False
Does 38 divide 187226?
True
Is 44 a factor of 1940840?
True
Does 84 divide 3453502?
False
Does 134 divide 3475343?
False
Does 106 divide 1054832?
False
Is 2342171 a multiple of 69?
False
Is 17 a factor of 92280?
False
Is 11828871 a multiple of 1899?
True
Is 3 a factor of 12